ist the prime factors of 4/(-14) - o/(-14).
2
Suppose -2*a - 25 + 29 = 0. Suppose -a*k + 38 = 5*u - 114, -4*k = u - 304. List the prime factors of k.
2, 19
Suppose 0 = g + 4 - 46. Suppose 0 = 17*x + 10*x - 27. What are the prime factors of x + -3 + -3 + g?
37
Let p(y) = 2*y**2 - 7*y - 2. Let g be p(5). Suppose -8*t = -g*t + 115. List the prime factors of t.
23
Suppose -9*c - 14469 = -30*c. What are the prime factors of c?
13, 53
Let l(y) = y**2 - 16*y + 18. Let o be l(15). What are the prime factors of (-6)/(-10) + (o - (-1988)/20)?
103
Let v = 8 + -2. What are the prime factors of 166/v + (-10)/15?
3
Let n(m) = m**2 - m - 16. Let a(d) = -3*d**2 + 4*d + 47. Let u(i) = -4*a(i) - 11*n(i). Let f be 6/21 - 366/(-42). List the prime factors of u(f).
2, 3
Let r = 40 - 36. Suppose -r*c - 2 = -0*f + 3*f, 0 = c + 5. What are the prime factors of f?
2, 3
Let y(m) = m**2 + 5*m + 5. Let n be y(-6). Let i = 79 - n. List the prime factors of i.
2, 17
Let t(o) = -5*o - 14. Suppose 4*f - 1 = 11. Suppose f = -b - 6. What are the prime factors of t(b)?
31
Suppose -4*r + 2*j + 14 = 0, 15 = 3*r - 3*j - 0*j. Suppose r*x - 3*x = -91. List the prime factors of x.
7, 13
Let g = 37 + -27. Let m be (g + -8)/((-4)/(-114)). What are the prime factors of (m/38)/((-6)/(-68))?
17
Suppose 0 = 5*h + 20, 0 - 203 = -3*c - h. What are the prime factors of c?
3, 23
Suppose 2*p + 3*o = -0*o + 5, -5*p + 3*o + 23 = 0. Suppose -2*y + 0*x - 2*x + p = 0, -2 = -2*y - x. Suppose y*a = -a + 25. List the prime factors of a.
5
Let i(n) = n**2 + 16*n - 6. Let u(l) = l**2 - 12*l + 2. Let g be u(10). What are the prime factors of i(g)?
2, 3, 5
Let h be (11/(-15) + 4/30)*15. List the prime factors of (3 - (-39)/h)/(8/(-564)).
2, 47
Let d = 410 - 90. Suppose -p + d = 4*q, -5*p + 0*p + 5*q = -1625. List the prime factors of p.
2, 3
Suppose 4*o - 4733 = -1665. List the prime factors of o.
13, 59
Let p = 5 + 0. Suppose p*s = -2*y - 65, 0 = -4*y - y - 4*s - 154. Let o = 46 + y. What are the prime factors of o?
2
Let y = 450 - 298. What are the prime factors of y?
2, 19
Let f be (0 - (5 + 1))*(-1)/2. Suppose -399 = -y - 2*y - f*c, -5*y + 5*c + 615 = 0. What are the prime factors of y?
2
Suppose v = -4*v + 15. Let s be -1 + v/((-6)/(-4)). List the prime factors of 15*((-7)/(-5) - s).
2, 3
Let q(s) = -s**3 - 6*s**2 + 3*s - 27. Let u be q(-7). What are the prime factors of (141 - (-1 + u))*1?
3, 47
Let l = -7 - -12. Suppose -l*k - 2*p - 3*p = -255, 5*k + p - 235 = 0. What are the prime factors of k?
2, 23
Let a = -1114 - -3214. What are the prime factors of a?
2, 3, 5, 7
Let c(a) = 26*a**2 - 8*a + 1. List the prime factors of c(-2).
11
Let q be -4 - (-55)/5 - 3. Suppose 5*a = u + 2*u + 306, 248 = 4*a - q*u. List the prime factors of a.
2, 3, 5
Let w be 9/(-12) + 12/16. Suppose -2*d - 2*d - 2*p + 118 = w, 25 = d + 5*p. Suppose 0 = 3*t + 3*k - 66, 80 = 5*t - k - d. What are the prime factors of t?
2, 11
Let q = -4598 + 8879. List the prime factors of q.
3, 1427
Suppose -20 = 5*n, 4*c + 5*n = c + 5710. List the prime factors of c.
2, 5, 191
What are the prime factors of (-4)/6 + (9 - (-12688)/24)?
3, 179
Suppose -3*p + 501 = -v, 4*v - 2*p = -1332 - 652. Let l = -180 - v. What are the prime factors of l?
3, 5, 7
Let i = -207 + 781. List the prime factors of i.
2, 7, 41
Suppose 123 = 7*n - 3. Suppose 7*k + 2695 = n*k. List the prime factors of k.
5, 7
Suppose 8*w - 3 = 7*w. Let j(z) = 5*z + 10. List the prime factors of j(w).
5
Let j be (-208)/(-6) - (-7)/21. Let q be j/(-14)*16/(-10). Suppose 28 = 3*u + q. What are the prime factors of u?
2
Suppose -5*d = -4*c + 26, 5*c + 2*d - 21 + 5 = 0. Suppose -r - 125 = z, 0*z - 3*z - 252 = 2*r. What are the prime factors of r/(-6) - (-2)/c?
3, 7
Let o(x) = 7 - 2*x + x + 9*x. What are the prime factors of o(5)?
47
Let a = 1227 + -856. List the prime factors of a.
7, 53
Let h = -29 - -33. Let z be (-2 - -1) + -44 + h. Let x = z - -103. What are the prime factors of x?
2, 31
Let o be (-14)/4 + 7/14. Let t(v) = -2*v**3 - v**2 - 7. List the prime factors of t(o).
2, 19
Suppose -26*o + 5 = -25*o. Suppose -2286 = -o*z - 4*z. What are the prime factors of z?
2, 127
Let z(o) = o**2 - 14*o + 2. Let r be z(14). Suppose 223 = -r*b - 53. Let l = -86 - b. List the prime factors of l.
2, 13
Let s = 526 + -534. Let m(d) be the third derivative of -d**4/3 + d**3/2 + d**2. List the prime factors of m(s).
67
Suppose -26010 = -8*t + 6014. What are the prime factors of t?
4003
Suppose 2*h = -0*q + q - 17, -5*q + 7 = 3*h. Let x(f) = f**2 + 4*f - 7. Let k be x(h). List the prime factors of (-2)/k - (-141)/15.
3
Let n(f) = 3*f**2 + 20*f - 30. What are the prime factors of n(8)?
2, 7, 23
Let k(l) = -5*l - 1. Let n be k(-1). Suppose 3*b = 4*t + 139, n*b = 3*t + 10 + 180. What are the prime factors of b?
7
Suppose -1 = j - 6. Let t = 10 - j. Let l(o) = o**2 + o - 5. List the prime factors of l(t).
5
Let h(f) = -f**3 + 20*f**2 + 21*f - 14. What are the prime factors of h(15)?
2, 23, 31
Let u(k) = -5*k + 31. Let g be 0 - -2*20/(-4). List the prime factors of u(g).
3
Let c = -261 - -874. List the prime factors of c.
613
Suppose -11*y + 9*y = -2*h + 1654, 4*h + 3*y - 3308 = 0. List the prime factors of h.
827
Suppose 0*p - 210 = -p - 4*c, 0 = -2*p + 5*c + 446. What are the prime factors of p?
2, 109
Suppose -3*l - 6 = -111. Suppose 0 = -3*i - 15, 0*i = 5*g - 2*i + l. Let m = 31 - g. List the prime factors of m.
2, 5
Let h(r) = 20*r**3 - 2*r**2 - r + 115*r**3 + 0*r. Let s be h(-1). Let a = 193 + s. What are the prime factors of a?
3, 19
Let b = -97 - -201. Suppose b = 2*g - 60. What are the prime factors of g?
2, 41
Suppose -18 = -4*b - 2. Suppose -2*l - r = -212, -l - r = b*l - 524. List the prime factors of l.
2, 13
What are the prime factors of 2/(-9) - (82744/(-72) - -5)?
2, 11, 13
Let v(y) = 7*y**2 - 2*y - 26. List the prime factors of v(8).
2, 7, 29
Suppose -41*s - 546 = -43*s. What are the prime factors of s?
3, 7, 13
Suppose -4*q = -x - 16, 0 = -0*x - x + 5*q - 20. Let i(u) = u**3 + 21. Let p be i(x). Let n = -14 + p. List the prime factors of n.
7
Suppose 5*u = -32*u + 21201. List the prime factors of u.
3, 191
Let x = 1 - 1. Suppose x*i = i - 2*g - 25, 2*g - 99 = -3*i. Suppose -2*f + i + 19 = 2*d, 5*d - f = 95. List the prime factors of d.
2, 5
Let n = 26 + -22. Let d(i) = -1 - i + 52*i**2 - 1 - n*i**2. List the prime factors of d(-1).
47
List the prime factors of -5 - (-2 - -4 - 70*33).
7, 47
Let m = 1108 - 906. List the prime factors of m.
2, 101
Suppose s = -13*s + 1442. What are the prime factors of s?
103
Let p be (6/8)/((-6)/(-24)). Let w be ((-8)/6)/((-1)/p). Suppose -w*d + 5*x = 2*x - 96, 4*d - 88 = 5*x. List the prime factors of d.
3
Suppose -9*y + 1132 = -5*y + 2*n, 12 = 3*n. List the prime factors of y.
281
Let i = 132 + 0. What are the prime factors of i?
2, 3, 11
Let j be (-10254)/57 - 2/19. Let p = j + 337. What are the prime factors of p?
157
Let b be 9 - 2*(-3 + 2). Let g be (b + -3)*3/6. Suppose 3*t - c + 0*c = 32, -g*t + 34 = 3*c. What are the prime factors of t?
2, 5
Suppose -12*m = -27*m + 2070. What are the prime factors of m?
2, 3, 23
Suppose 0 = 3*c + c. Suppose c = x + 2 + 1. What are the prime factors of (117/12)/(x/(-8))?
2, 13
Suppose -3*y + 4*y - 862 = -n, n + 4*y = 847. What are the prime factors of n?
3, 17
Suppose 25 = 5*f, 283 + 210 = 4*v + 5*f. Suppose v = 3*x + 33. What are the prime factors of x?
2, 7
Let a = 470 + 623. What are the prime factors of a?
1093
Suppose -4*p - k + 9 = 0, k - 4*k = 4*p - 19. Let t(h) = 1 + p + 2*h + h**2 + 5*h. What are the prime factors of t(-9)?
2, 5
Let s(d) be the second derivative of d**7/420 - d**6/240 + d**5/40 - d**4/2 + 6*d. Let m(t) be the third derivative of s(t). What are the prime factors of m(2)?
3, 7
Let f(h) = h - 16. Let q be f(16). Suppose 5*z + 5*m - 530 = q, -4*z - z = 2*m - 539. What are the prime factors of z?
109
Let g(i) = 6*i - 36. Let z be g(7). Suppose -3*d + 405 = z*d. What are the prime factors of d?
3, 5
Let v be 116 - (-2 - -1)/(-1). Suppose 1 = -3*x + v. List the prime factors of x.
2, 19
Let k(a) = -7*a - 53. Let b be k(-9). Suppose -b*p + 1921 = 7*p. List the prime factors of p.
113
Suppose g - 2*n - 4 = 10, 18 = 2*g - 2*n. Suppose -2*d - 112 = -5*j, 4*d - 3*d - g = 0. What are the prime f